etermine c(62).
-124
Let g(n) = 2*n**2 + 129*n + 1051. Determine g(-55).
6
Let l(v) = v**3 - 27*v**2 - 92*v. Determine l(30).
-60
Let v(b) = -60*b + 781. Calculate v(13).
1
Let p(k) = k**3 + 13*k**2 - 37*k - 317. Determine p(-7).
236
Let z(l) = -l**3 + 19*l**2 - 101*l + 98. What is z(8)?
-6
Let a(q) = q**3 + 44*q**2 + q - 2. Calculate a(-44).
-46
Let l(x) = -x**2 + 14*x - 47. What is l(0)?
-47
Let m(i) = 4*i**2 - 87*i - 53. Calculate m(22).
-31
Let u(b) = -70*b**2 + 491*b - 419. Determine u(6).
7
Let j(t) = -31*t - 8. Determine j(6).
-194
Let m(i) = 4*i**2 - 51*i - 224. Determine m(-4).
44
Let a(r) = r**3 + 7*r**2 - 136*r + 10. What is a(-15)?
250
Let l(g) = g**2 - 43*g + 127. Give l(3).
7
Let s(c) = 20*c**2 + 2*c + 195. What is s(0)?
195
Let j(v) = v + 28. Calculate j(28).
56
Let q(o) = -o**2 - 377*o + 7332. Calculate q(19).
-192
Let q(v) = -2*v**2 - 116*v + 2011. Calculate q(14).
-5
Let k(p) = -68*p**2 + 142*p + 4. What is k(-3)?
-1034
Let m(i) = i**3 + 36*i**2 + 31*i - 51. What is m(-35)?
89
Let m(k) = k**3 - 7*k**2 - 19*k + 49. What is m(-8)?
-759
Let t(k) = k**3 + 10*k**2 - 198*k - 16. What is t(10)?
4
Let g(t) = -38*t**2 + 1401*t + 192. What is g(37)?
7
Let d(x) = -x**3 - 48*x**2 + 3*x + 381. Determine d(-48).
237
Let r(n) = -42*n**2 - 1172*n - 79. What is r(-28)?
-191
Let f(z) = -z**2 - 45*z + 616. Calculate f(11).
0
Let o(l) = l**2 + 581*l + 4013. Give o(-7).
-5
Let u(l) = -8*l**3 - 46*l**2 - 3*l + 56. What is u(-6)?
146
Let i(f) = -14*f + 204. Calculate i(27).
-174
Let l(h) = -h + 7. Determine l(10).
-3
Let l(k) = -141*k + 534. Give l(4).
-30
Let v(d) = 143*d - 21393. Determine v(150).
57
Let f(q) = q**2 - 9*q - 42. Give f(-3).
-6
Let p(d) = -d**3 + 20*d**2 - 53*d + 2. Calculate p(3).
-4
Let s(p) = -5*p**2 - 64*p - 200. Calculate s(-7).
3
Let r(z) = -3*z**2 + 28*z - 14. What is r(6)?
46
Let k(s) = -3*s**2 + 52*s - 101. What is k(12)?
91
Let g(n) = 8*n**2 - 265*n - 1161. Determine g(-4).
27
Let y(j) = 7*j**2 - 3*j - 50. Give y(5).
110
Let m(p) = -p**3 + 25*p**2 - 13*p - 284. What is m(24)?
-20
Let y(d) = 3*d**2 - 17*d - 249. Calculate y(-7).
17
Let h(o) = -43*o**3 - o**2 + 2. Calculate h(-1).
44
Let z(w) = -w**3 - 30*w**2 - 80*w + 32. Give z(-27).
5
Let y(i) = i - 100. What is y(11)?
-89
Let g(v) = -v**3 - 18*v**2 - 53*v - 5. Give g(-3).
19
Let t(l) = -38*l - 124. Determine t(-7).
142
Let r(p) = -83*p + 2342. Calculate r(26).
184
Let t(o) = 2*o**2 - 476*o + 7595. Calculate t(17).
81
Let w(h) = -12*h - 812. Calculate w(-68).
4
Let d(f) = -f**3 + 33*f**2 - 247*f + 22. What is d(15)?
367
Let o(n) = -n**2 + 5346*n + 10692. Calculate o(-2).
-4
Let o(y) = -31*y**2 + 4665*y - 2257. Determine o(150).
-7
Let y(h) = 899*h - 10788. What is y(12)?
0
Let q(u) = 113*u - 2930. Calculate q(26).
8
Let y(p) = -p**3 + 75*p**2 + 398*p + 41. Give y(80).
-119
Let i(k) = -k**2 - 26*k + 1. Calculate i(-17).
154
Let m(t) = -4*t**3 - 2*t**2 + 18*t - 46. What is m(5)?
-506
Let n(f) = 97*f + 13778. Determine n(-142).
4
Let w(k) = -2*k**3 + 17*k**2 - 38*k + 9. Determine w(3).
-6
Let b(u) = -u**3 - 9*u**2 + 26*u - 10. Calculate b(-9).
-244
Let g(c) = c**3 - 20*c**2 + 10*c + 189. Give g(19).
18
Let w(t) = -3*t**3 - 3*t**2 - 8*t - 5. Calculate w(-2).
23
Let y(j) = j**3 - 61*j**2 + 160*j - 2502. Give y(59).
-24
Let d(i) = 1607*i + 4830. Determine d(-3).
9
Let w(m) = m**3 - 5*m**2 - 87*m + 28. Give w(12).
-8
Let l(y) = -3*y**3 + 24*y**2 - 12*y + 12. What is l(8)?
-84
Let g(f) = 50*f - 18. Determine g(-2).
-118
Let s(q) = -q**3 - 32*q**2 - 3*q + 241. Determine s(-32).
337
Let t(b) = -2*b**3 - 112*b**2 - 105*b + 44. Calculate t(-55).
-231
Let o(z) = 1280*z + 14137. What is o(-11)?
57
Let c(a) = 18*a - 277. Give c(16).
11
Let u(q) = q**2 + 11*q - 25. Determine u(-5).
-55
Let b(j) = 2*j**3 - 2*j**2 - 33*j - 57. Calculate b(-2).
-15
Let f(x) = 11*x**2 - 20*x + 29. What is f(4)?
125
Let r(k) = 114*k + 2288. What is r(-20)?
8
Let f(g) = 4*g**3 - 5*g**2 + 7*g - 5. What is f(3)?
79
Let a(x) = -5163*x - 10333. What is a(-2)?
-7
Let g(r) = -r**3 + 15*r**2 - 35*r - 88. Give g(11).
11
Let y(c) = 7*c - 154. Give y(22).
0
Let l(q) = 29*q - 1609. Determine l(56).
15
Let w(i) = 6*i**2 + 134*i + 47. What is w(-22)?
3
Let q(h) = -73*h + 81. What is q(-1)?
154
Let f(o) = 15*o**2 - 21*o - 149. What is f(-5)?
331
Let q(f) = -f**3 - 81*f**2 + 70*f - 984. Calculate q(-82).
0
Let y(f) = 6*f**3 - 2*f**2 - 18. What is y(-4)?
-434
Let b(x) = x**3 + 8*x**2 + 3*x - 3. What is b(-3)?
33
Let j(t) = 2*t**2 + 13*t - 614. Determine j(0).
-614
Let t(o) = -6*o**3 - 10*o**2 - 46*o - 80. Give t(-2).
20
Let v(h) = 63*h**3 + 20*h - 21. Calculate v(1).
62
Let g(k) = -515*k + 2565. What is g(5)?
-10
Let o(x) = 183*x + 1546. What is o(-9)?
-101
Let q(i) = -i**3 + 41*i**2 + 79*i + 280. Determine q(43).
-21
Let s(b) = 477*b - 4770. Calculate s(10).
0
Let l(z) = -22*z - 271. Give l(-30).
389
Let u(g) = -2*g**2 + 61*g - 379. Calculate u(11).
50
Let y(a) = a**3 - 7*a**2 - 5*a + 92. Give y(5).
17
Let t(g) = g**3 - 22*g**2 + 35*g + 157. Calculate t(20).
57
Let i(m) = m**2 + 78*m + 31. Calculate i(0).
31
Let c(a) = -96*a + 237. Determine c(6).
-339
Let r(d) = 32*d + 63. Calculate r(-2).
-1
Let t(c) = c**3 - 22*c**2 - 11*c + 88. Give t(23).
364
Let b(a) = a**3 - 7*a**2 - 3*a + 29. Determine b(10).
299
Let p(t) = -242*t - 861. Determine p(-4).
107
Let d(b) = -b**3 - 12*b**2 - 8*b + 3. What is d(-5)?
-132
Let b(x) = 6511*x + 110686. What is b(-17)?
-1
Let k(c) = 35*c + 16. Give k(-1).
-19
Let k(s) = 570*s - 5674. Give k(10).
26
Let t(s) = -44*s**2 + 2687*s - 49. Determine t(61).
134
Let i(c) = -307*c + 3683. Calculate i(12).
-1
Let n(i) = i**3 - 14*i**2 + 13*i - 26. Calculate n(13).
-26
Let i(x) = 160*x + 966. What is i(-8)?
-314
Let v(z) = -19*z + 187. Determine v(9).
16
Let v(r) = 27*r + 471. What is v(-21)?
-96
Let p(w) = w**2 + 22*w + 9. Determine p(-1).
-12
Let z(n) = -147*n + 4406. Calculate z(30).
-4
Let l(r) = -880*r + 4410. What is l(5)?
10
Let a(y) = -1367*y + 35507. Determine a(26).
-35
Let g(f) = -2*f**3 + 78*f**2 - 410*f + 455. Calculate g(33).
-7
Let x(d) = -d**2 - 391*d + 7811. Determine x(19).
21
Let t(a) = 5*a**2 + 39*a. Calculate t(-9).
54
Let t(p) = -3570*p - 17853. What is t(-5)?
-3
Let x(s) = -534*s + 19762. Determine x(37).
4
Let q(w) = 21*w**2 + 350*w - 9. Give q(-16).
-233
Let j(p) = p**3 - 14*p**2 - 94*p + 11. Calculate j(-5).
6
Let n(k) = -6*k**2 - 91*k - 261. Determine n(-5).
44
Let v(q) = 67*q - 852. Calculate v(12).
-48
Let n(w) = 3*w**2 + 137*w + 138. Give n(-1).
4
Let z(t) = 2*t**2 - 57*t - 465. What is z(35)?
-10
Let p(m) = 1143*m - 72000. What is p(63)?
9
Let l(a) = 2*a**3 + 96*a**2 - 97*a + 102. What is l(-49)?
53
Let s(y) = -11589*y - 23184. Calculate s(-2).
-6
Let l(a) = -170*a + 9384. Determine l(55).
34
Let b(k) = k**3 + 25*k**2 - 391*k - 10. Calculate b(11).
45
Let z(d) = -23*d**2 + 93*d - 26. Determine z(5).
-136
Let w(o) = 880*o - 1744. Determine w(2).
16
Let b(c) = -2*c**3 - 15*c**2 + 19*c + 46. Give b(-8).
-42
Let k(v) = v**2 - 25*v + 68. What is k(22)?
2
Let w(k) = 1398*k - 12594. Determine w(9).
-12
Let m(c) = c**3 - 22*c**2 - 25*c + 37. What is m(23)?
-9
Let x(i) = -6*i**2 + 40*i + 43. What is x(-1)?
-3
Let v(g) = 16*g - 2. Give v(-6).
-98
Let p(i) = i**3 + 14*i**2 + 32*i + 497. Calculate p(-14).
49
Let o(s) = -76*s - 1687. Calculate o(-23).
61
Let a(k) = k**2 + 5878*k + 23493. Give a(-4).
-3
Let c(p) = 57*p**2 + 232*p + 8. Calculate c(-4).
-8
Let d(a) = -42*a + 1017. Give d(24).
9
Let v(a) = 269*a**2 - 737*a - 208. Determine v(3).
2
Let s(w) = -111*w**3 + 4*w**2 - 4*w + 3. What is s(1)?
-108
Let s(o) = 70*o - 1913. What is s(27)?
-23
Let t(q) = -7*q**3 - 39*q**2 + 11*q - 25. Give t(-7).
388
Let h(z) = 6*z**2 + 307*z + 45. Determine h(-51).
-6
Let m(l) = -l**2 + 8*l + 13. Determine m(13).
-52
Let u(y) = -51*y**2 + 2040*y + 2101. What is u(41)?
10
Let d(c) = -4*c**2 - c + 459. Give d(0).
459
Let o(i) = -9*i**3 - 2*i**2 + 2*i + 2. What is o(0)?
2
Let x(a) = -a**2 - 119*a - 2787. Give x(-32).
-3
Let y(a) = -a**3 + 8*a**2 - 56*a + 458. Give y(8).
10
Let o(b) = -173*b**2 - 178*b. What is o(-1)?
5
Let p(c) = 62*c + 562. Calculate p(-7).
128
Let r(s) = s**2 + 93*s - 6416. Determine r(-139).
-22
Let l(a) = a**3 - 8*a**2 - 39*a + 17. Calculate l(-6).
-253
Let q(n) = -10*n**2 - 310*